5
In base 5, what is 121103002 - -14?
121103021
In base 2, what is 100000001101110111111001000100 - -101?
100000001101110111111001001001
In base 12, what is 3a442 - -53?
3a495
In base 3, what is -20201 - 12221011022202?
-12221011120110
In base 4, what is -202 - 133232310130?
-133232310332
In base 10, what is -27 - 780296?
-780323
In base 5, what is -13212312041 - 30?
-13212312121
In base 14, what is -33 + -6cb9c2?
-6cba15
In base 15, what is -6b - -470d?
4692
In base 8, what is -3540141 + 414?
-3537525
In base 5, what is -334313041 - 1302?
-334314343
In base 12, what is 27bbb95 + -90?
27bbb05
In base 11, what is 3230 + -1154?
2087
In base 10, what is 576 + 60142?
60718
In base 2, what is 1000111110101011100000001 - 100?
1000111110101011011111101
In base 7, what is 13525525 - 4?
13525521
In base 2, what is -100011101100101101010 - 1010000?
-100011101100110111010
In base 12, what is -148124 + -b?
-148133
In base 7, what is -31 - -3400?
3336
In base 5, what is -21340040 - -2203?
-21332332
In base 6, what is 1524 - 453152?
-451224
In base 2, what is 100000011001101111111100100 - 110?
100000011001101111111011110
In base 7, what is 1 - 12636513?
-12636512
In base 6, what is 230050500 + 2?
230050502
In base 16, what is -1b + -92d5f9?
-92d614
In base 16, what is -b - fedd95?
-fedda0
In base 7, what is -3363 + -24642?
-31335
In base 14, what is -2788 + 37b?
-240b
In base 11, what is 44aa + 871?
5270
In base 13, what is 4 + 55a3595?
55a3599
In base 7, what is 4641 + 22036?
30010
In base 11, what is 2 + 348386?
348388
In base 8, what is 127710 + -73?
127615
In base 5, what is 313330123 - 33?
313330040
In base 7, what is 2233561 - 136?
2233422
In base 5, what is 21431 + 124011?
200442
In base 15, what is 25a3c000 - 2?
25a3beed
In base 11, what is 4 - 18645589?
-18645585
In base 10, what is -4 - -2882962?
2882958
In base 16, what is 8145a + d3?
8152d
In base 2, what is -1 + -10001110010101101001111?
-10001110010101101010000
In base 4, what is -1022030031330 - -13?
-1022030031311
In base 2, what is 10110100010011011 + 111111?
10110100011011010
In base 15, what is -a8 + -3bb796?
-3bb84e
In base 2, what is 111001100110010010 + -10011?
111001100101111111
In base 10, what is 3 + 34877928?
34877931
In base 11, what is -102800554 - 2?
-102800556
In base 12, what is -158234 + -a?
-158242
In base 4, what is 103000100020 + 1?
103000100021
In base 3, what is 2 - 100022211202?
-100022211200
In base 7, what is -142300605 - -1?
-142300604
In base 15, what is 1957 + -6ab4?
-515c
In base 12, what is 2 - 1b75b833?
-1b75b831
In base 12, what is -42498 + -184b?
-44127
In base 4, what is -202 - -1200300132?
1200233330
In base 6, what is -1 - 1542512435?
-1542512440
In base 13, what is 5 - 3b403c6?
-3b403c1
In base 15, what is 5cc341 - 1?
5cc340
In base 6, what is -10524 + -335124?
-350052
In base 2, what is -1011 + 1000010010101110101111000?
1000010010101110101101101
In base 12, what is 3 - -63a191b?
63a1922
In base 2, what is 1111000000100001 + 11011?
1111000000111100
In base 11, what is 2 - -60556589?
60556590
In base 14, what is 1 + 34408d?
344090
In base 2, what is -1001000110110110000001100 - 10?
-1001000110110110000001110
In base 2, what is -100 + 11011111011001111111001?
11011111011001111110101
In base 6, what is 44202014 + 514?
44202532
In base 9, what is -2350533 - -68?
-2350454
In base 14, what is -1975 + -4229?
-5ba0
In base 16, what is 0 - 16d741?
-16d741
In base 2, what is 101010100000011011 - 1110?
101010100000001101
In base 5, what is 1 + 30141410?
30141411
In base 12, what is -12876 - b37?
-137b1
In base 8, what is 1350 - -3032735?
3034305
In base 16, what is 989 - 155f?
-bd6
In base 12, what is -5 + 1873bb5?
1873bb0
In base 9, what is -28 + -242452?
-242481
In base 5, what is 231224110211 + 4?
231224110220
In base 8, what is 4 - 4344100?
-4344074
In base 6, what is 2100030402 + -1?
2100030401
In base 9, what is 47 - -46872307?
46872355
In base 11, what is 5419 - -1450?
6869
In base 3, what is -2020201111 - 20102000?
-2111010111
In base 9, what is -70012383 + -1?
-70012384
In base 13, what is 97a60 + 5?
97a65
In base 15, what is 189 - 79d?
-614
In base 14, what is 3 + 4cb506?
4cb509
In base 3, what is -101012 + -102211122200?
-102212000212
In base 5, what is -11234240304 + 12?
-11234240242
In base 2, what is 1010011010111010011010 + -11111?
1010011010111001111011
In base 6, what is 13243551 + -3?
13243544
In base 14, what is 1617b - -75d?
168da
In base 2, what is 11100100010101110 + 10010?
11100100011000000
In base 7, what is 4131125556 - -1?
4131125560
In base 15, what is 1da16 - 31?
1d9d5
In base 8, what is -51 - -26311635?
26311564
In base 16, what is 9fc3e3 - 2?
9fc3e1
In base 12, what is -1291 - -1a565?
19294
In base 8, what is 1767230727 - -2?
1767230731
In base 14, what is 65a4813 - b?
65a4806
In base 7, what is 10433 + -4641?
2462
In base 11, what is -2a2474 + -94?
-2a2558
In base 7, what is -1223165 - -13?
-1223152
In base 8, what is 14256461 + -3?
14256456
In base 6, what is 1502 + -11313200?
-11311254
In base 9, what is -158107 - -64?
-158033
In base 7, what is 6021466 + -204?
6021262
In base 16, what is 8 - 460c4?
-460bc
In base 3, what is 201021010 + -112222?
200201011
In base 9, what is 24 - 2768183?
-2768158
In base 4, what is 110221030 + -103230?
110111200
In base 7, what is 21164513 + 23?
21164536
In base 13, what is 15 + 573c73?
573c88
In base 9, what is 382085 + -58?
382026
In base 8, what is -307702 + -115?
-310017
In base 3, what is -11021210111002 - 21?
-11021210111100
In base 7, what is -14 + -111254253?
-111254300
In base 14, what is 11424 - -200?
11624
In base 7, what is 6065 - 2350?
3415
In base 7, what is 112401 + -11?
112360
In base 12, what is -4627bb - -80?
-46273b
In base 7, what is -455 - 356615?
-360403
In base 6, what is -4 - 520023043?
-520023051
In base 7, what is 30636 - -45102?
106041
In base 10, what is -995833 + -34?
-995867
In base 14, what is 52424 - 0?
52424
In base 12, what is 5 - 26018a56?
-26018a51
In base 8, what is 155204 - 5455?
147527
In base 16, what is -2 + 11581f25?
11581f23
In base 4, what is -21112 + -103032103?
-103113221
In base 15, what is 9b0d + -5a?
9aa3
In base 7, what is -430144 + -3125?
-433302
In base 6, what is 123510 - -14142?
142052
In base 13, what is 42581537 + 4?
4258153b
In base 3, what is 1000001102022100 + 0?
1000001102022100
In base 15, what is -390 + a0e2?
9c52
In base 6, what is -1140231404 + 1?
-1140231403
In base 8, what is -370 - -170536?
170146
In base 3, what is 11 - -2211120210121?
2211120210202
In base 7, what is -206 - 15535?
-16044
In base 7, what is -2 - -1256243226?
1256243224
In base 7, what is -1020 - 4211423?
-4212443
In base 15, what is 1 + -1039d96?
-1039d95
In base 13, what is 1aa5 + -6363?
-458b
In base 6, what is -3240 + -553203?
-1000443
In base 9, what is -83612 - -70?
-83532
In base 13, what is 1b86b92b - -3?
1b86b931
In base 11, what is -5 + 13702358?
13702353
In base 9, what is 21616820 + 5?
21616825
In base 12, what is 5 + 101ba41?
101ba46
In base 6, what is 33 - 552143?
-552110
In base 9, what is 3513323 - -2?
3513325
In base 14, what is -24c406 - -12?
-24c3d4
In base 13, what is -2400 - a6957?
-a9057
In base 7, what is 450 + 13062?
13542
In base 13, what is 12 + -c475644?
-c475632
In base 11, what is -a7301 + -118?
-a7419
In base 14, what is -4 - -14402a?
144026
In base 7, what is -12 - -440555336?
440555324
In base 12, what is 102b1a - -b29?
103a47
In base 3, what is -12001 + -11112201122?
-11112220200
In base 9, what is -33614 + -2?
-33616
In base 13, what is 5 - 10020c?
-100207
In base 11, what is -4780 + -3585?
-8255
In base 16, what is af + -15854a?
-15849b
In base 12, what is -683349 + 10?
-683339
In base 10, what is -189363 + 1355?
-188008
In base 15, what is -cc21 + -b5b?
-d87c
In base 9, what is 25 + -5457877?
-5457852
In base 15, what is -1ec + -8e41?
-913d
In base 10, what is -26128247 - 0?
-26128247
In base 6, what is -342305104 + 43?
-342305021
In base 9, what is -4 + 2640583?
2640578
In base 4, what is -2 + -23332002201323?
-23332002201331
In base 8, what is 14 + -471346007?
-471345773
In base 5, what is -4004 + -1241321?
-1300330
In base 11, what is 9a + 991550?
99163a
In base 15, what is -11c6 + -16c79?
-17e50
In base 3, what is -22022110